{"id":85,"date":"2018-05-30T09:52:22","date_gmt":"2018-05-30T07:52:22","guid":{"rendered":"http:\/\/artedi.nrm.se\/Fishblog\/?page_id=85"},"modified":"2018-05-30T13:22:00","modified_gmt":"2018-05-30T11:22:00","slug":"kontakt","status":"publish","type":"page","link":"https:\/\/artedi.nrm.se\/Fishblog\/index.php\/kontakt\/","title":{"rendered":"Kontakt"},"content":{"rendered":"<h2>FishBase Sverige finns p\u00e5 Naturhistoriska riksmuseet i Stockholm<\/h2>\n<ul>\n<li>Ledning: Professor Sven Kullander<\/li>\n<li>Intendent Michael Nor\u00e9n<\/li>\n<li>F\u00f6rste assistent Andrea Hennyey<\/li>\n<li>Sekreterare Ann-Katrin Gustafsson<\/li>\n<\/ul>\n<p>Samtliga n\u00e5s p\u00e5 <a href=\"mailto:fishbase@nrm.se\">fishbase@nrm.se<\/a><\/p>\n<p>Postadress:<\/p>\n<p>Naturhistoriska riksmuseet<\/p>\n<p>Box 50007<\/p>\n<p>SE-10405 Stockholm<\/p>\n<p>Sverige<\/p>\n<p>Telefon: 08 519 540 00 (v\u00e4xel)<\/p>\n","protected":false},"excerpt":{"rendered":"<p>FishBase Sverige finns p\u00e5 Naturhistoriska riksmuseet i Stockholm Ledning: Professor Sven Kullander Intendent Michael Nor\u00e9n F\u00f6rste assistent Andrea Hennyey Sekreterare Ann-Katrin Gustafsson Samtliga n\u00e5s p\u00e5 fishbase@nrm.se Postadress: Naturhistoriska riksmuseet Box 50007 SE-10405 Stockholm Sverige Telefon: 08 519 540 00 (v\u00e4xel)<\/p>\n","protected":false},"author":2,"featured_media":0,"parent":0,"menu_order":0,"comment_status":"closed","ping_status":"closed","template":"","meta":{"footnotes":""},"class_list":["post-85","page","type-page","status-publish","hentry"],"_links":{"self":[{"href":"https:\/\/artedi.nrm.se\/Fishblog\/index.php\/wp-json\/wp\/v2\/pages\/85"}],"collection":[{"href":"https:\/\/artedi.nrm.se\/Fishblog\/index.php\/wp-json\/wp\/v2\/pages"}],"about":[{"href":"https:\/\/artedi.nrm.se\/Fishblog\/index.php\/wp-json\/wp\/v2\/types\/page"}],"author":[{"embeddable":true,"href":"https:\/\/artedi.nrm.se\/Fishblog\/index.php\/wp-json\/wp\/v2\/users\/2"}],"replies":[{"embeddable":true,"href":"https:\/\/artedi.nrm.se\/Fishblog\/index.php\/wp-json\/wp\/v2\/comments?post=85"}],"version-history":[{"count":2,"href":"https:\/\/artedi.nrm.se\/Fishblog\/index.php\/wp-json\/wp\/v2\/pages\/85\/revisions"}],"predecessor-version":[{"id":97,"href":"https:\/\/artedi.nrm.se\/Fishblog\/index.php\/wp-json\/wp\/v2\/pages\/85\/revisions\/97"}],"wp:attachment":[{"href":"https:\/\/artedi.nrm.se\/Fishblog\/index.php\/wp-json\/wp\/v2\/media?parent=85"}],"curies":[{"name":"wp","href":"https:\/\/api.w.org\/{rel}","templated":true}]}}